{"id":11889,"date":"2023-03-27T18:50:37","date_gmt":"2023-03-27T16:50:37","guid":{"rendered":"https:\/\/coderdojo-annecy.com\/index.php\/?page_id=11889"},"modified":"2023-03-28T10:16:57","modified_gmt":"2023-03-28T08:16:57","slug":"creation-de-jeu-video","status":"publish","type":"page","link":"https:\/\/coderdojo-annecy.com\/index.php\/creation-de-jeu-video\/","title":{"rendered":"JEU VIDEO"},"content":{"rendered":"\n<div class=\"is-vertical is-layout-flex wp-container-1 wp-block-group\"><\/div>\n\n\n\n<div class=\"wp-block-media-text alignwide is-stacked-on-mobile\"><figure class=\"wp-block-media-text__media\"><img decoding=\"async\" loading=\"lazy\" width=\"800\" height=\"800\" src=\"https:\/\/coderdojo-annecy.com\/wp-content\/uploads\/2023\/03\/laptop.png\" alt=\"\" class=\"wp-image-11896 size-full\" srcset=\"https:\/\/coderdojo-annecy.com\/wp-content\/uploads\/2023\/03\/laptop.png 800w, https:\/\/coderdojo-annecy.com\/wp-content\/uploads\/2023\/03\/laptop-300x300.png 300w, https:\/\/coderdojo-annecy.com\/wp-content\/uploads\/2023\/03\/laptop-150x150.png 150w, https:\/\/coderdojo-annecy.com\/wp-content\/uploads\/2023\/03\/laptop-768x768.png 768w\" sizes=\"(max-width: 800px) 100vw, 800px\" \/><\/figure><div class=\"wp-block-media-text__content\">\n<p>Pour les plus avanc\u00e9s nous proposons un cours d&rsquo;initiation \u00e0 la conception de jeux vid\u00e9o.<\/p>\n\n\n\n<p>Ce cours est bas\u00e9 sur Unreal Engine, un logiciel de conception de jeux vid\u00e9o 3D qui est gratuit pour les particuliers. <br><br>Il est massivement utilis\u00e9 par les studios de production de jeux et dispose d&rsquo;une interface simple d&#8217;emploi et offre des fonctionnalit\u00e9s avanc\u00e9es pour concevoir rapidement un jeu complet.<\/p>\n<\/div><\/div>\n\n\n\n<div style=\"height:50px\" aria-hidden=\"true\" class=\"wp-block-spacer\"><\/div>\n\n\n\n<h3 class=\"has-text-align-center\">des possibilit\u00e9s de cr\u00e9ation infinies<\/h3>\n\n\n\n<div class=\"wp-block-media-text alignwide has-media-on-the-right is-stacked-on-mobile\"><div class=\"wp-block-media-text__content\">\n<p>Unreal dispose d&rsquo;un \u00e9diteur qui permet de concevoir son propre jeu de A \u00e0 Z. <br><br>Il est possible d&rsquo;utiliser des biblioth\u00e8ques de personnages et d&rsquo;environnements pour construire son propre monde.<br><br>les artistes en herbe son combl\u00e9s.<br> <\/p>\n\n\n\n<p><\/p>\n\n\n\n<p><br><\/p>\n<\/div><figure class=\"wp-block-media-text__media\"><img decoding=\"async\" loading=\"lazy\" width=\"1024\" height=\"576\" src=\"https:\/\/coderdojo-annecy.com\/wp-content\/uploads\/2023\/03\/maxresdefault-1024x576.jpg\" alt=\"\" class=\"wp-image-11892 size-full\" srcset=\"https:\/\/coderdojo-annecy.com\/wp-content\/uploads\/2023\/03\/maxresdefault-1024x576.jpg 1024w, https:\/\/coderdojo-annecy.com\/wp-content\/uploads\/2023\/03\/maxresdefault-300x169.jpg 300w, https:\/\/coderdojo-annecy.com\/wp-content\/uploads\/2023\/03\/maxresdefault-768x432.jpg 768w, https:\/\/coderdojo-annecy.com\/wp-content\/uploads\/2023\/03\/maxresdefault.jpg 1280w\" sizes=\"(max-width: 1024px) 100vw, 1024px\" \/><\/figure><\/div>\n\n\n\n<div style=\"height:50px\" aria-hidden=\"true\" class=\"wp-block-spacer\"><\/div>\n\n\n\n<h2 class=\"has-text-align-center\">Une programmation simplifi\u00e9e<\/h2>\n\n\n\n<div class=\"wp-block-media-text alignwide is-stacked-on-mobile\"><figure class=\"wp-block-media-text__media\"><img decoding=\"async\" loading=\"lazy\" width=\"1024\" height=\"568\" src=\"https:\/\/coderdojo-annecy.com\/wp-content\/uploads\/2023\/03\/image_21-1024x568.png\" alt=\"\" class=\"wp-image-11891 size-full\" srcset=\"https:\/\/coderdojo-annecy.com\/wp-content\/uploads\/2023\/03\/image_21-1024x568.png 1024w, https:\/\/coderdojo-annecy.com\/wp-content\/uploads\/2023\/03\/image_21-300x166.png 300w, https:\/\/coderdojo-annecy.com\/wp-content\/uploads\/2023\/03\/image_21-768x426.png 768w, https:\/\/coderdojo-annecy.com\/wp-content\/uploads\/2023\/03\/image_21-1536x852.png 1536w, https:\/\/coderdojo-annecy.com\/wp-content\/uploads\/2023\/03\/image_21-2000x1110.png 2000w\" sizes=\"(max-width: 1024px) 100vw, 1024px\" \/><\/figure><div class=\"wp-block-media-text__content\">\n<p>Unreal dispose d&rsquo;un langage de programmation visuel qui permet aux enfants de s&rsquo;adapter rapidement en venant du Scratch ou des robots lego.<\/p>\n\n\n\n<p>Ce langage permet d&rsquo;autre part de se familiariser avec les concepts tels que contr\u00f4le d&rsquo;objets 3D, les interactions entre objets et m\u00eame l&rsquo;intelligence artificielle des ennemis.<\/p>\n<\/div><\/div>\n\n\n\n<div style=\"height:50px\" aria-hidden=\"true\" class=\"wp-block-spacer\"><\/div>\n\n\n\n<h3 class=\"has-text-align-center\">Des projets fun en \u00e9quipe<\/h3>\n\n\n\n<div class=\"wp-block-media-text alignwide is-stacked-on-mobile\"><figure class=\"wp-block-media-text__media\"><img decoding=\"async\" loading=\"lazy\" width=\"1024\" height=\"768\" src=\"https:\/\/coderdojo-annecy.com\/wp-content\/uploads\/2023\/03\/IMG_1966-1024x768.jpeg\" alt=\"\" class=\"wp-image-11895 size-full\" srcset=\"https:\/\/coderdojo-annecy.com\/wp-content\/uploads\/2023\/03\/IMG_1966-1024x768.jpeg 1024w, https:\/\/coderdojo-annecy.com\/wp-content\/uploads\/2023\/03\/IMG_1966-300x225.jpeg 300w, https:\/\/coderdojo-annecy.com\/wp-content\/uploads\/2023\/03\/IMG_1966-768x576.jpeg 768w, https:\/\/coderdojo-annecy.com\/wp-content\/uploads\/2023\/03\/IMG_1966-1536x1152.jpeg 1536w, https:\/\/coderdojo-annecy.com\/wp-content\/uploads\/2023\/03\/IMG_1966-2000x1500.jpeg 2000w, https:\/\/coderdojo-annecy.com\/wp-content\/uploads\/2023\/03\/IMG_1966.jpeg 2048w\" sizes=\"(max-width: 1024px) 100vw, 1024px\" \/><\/figure><div class=\"wp-block-media-text__content\">\n<p>Chacun peut avancer \u00e0 son rythme ou se sp\u00e9cialiser dans ce qui lui plait :<\/p>\n\n\n\n<ul>\n<li>Cr\u00e9ation graphique 3D<\/li>\n\n\n\n<li>Programmation du jeu<\/li>\n\n\n\n<li>Conception du sc\u00e9nario<\/li>\n<\/ul>\n<\/div><\/div>\n\n\n\n<div style=\"height:100px\" aria-hidden=\"true\" class=\"wp-block-spacer\"><\/div>\n","protected":false},"excerpt":{"rendered":"<p>Pour les plus avanc\u00e9s nous proposons un cours d&rsquo;initiation \u00e0 la conception de jeux vid\u00e9o. Ce cours est bas\u00e9 sur Unreal Engine, un logiciel de conception de jeux vid\u00e9o 3D qui est gratuit pour les particuliers. Il est massivement utilis\u00e9 par les studios de production de jeux et dispose d&rsquo;une interface simple d&#8217;emploi et offre &hellip; <\/p>\n<p class=\"link-more\"><a href=\"https:\/\/coderdojo-annecy.com\/index.php\/creation-de-jeu-video\/\" class=\"more-link\">Lire la suite de<span class=\"screen-reader-text\">\u00ab\u00a0JEU VIDEO\u00a0\u00bb<\/span><\/a><\/p>\n","protected":false},"author":1,"featured_media":0,"parent":0,"menu_order":0,"comment_status":"closed","ping_status":"closed","template":"template-page-builder.php","meta":[],"_links":{"self":[{"href":"https:\/\/coderdojo-annecy.com\/index.php\/wp-json\/wp\/v2\/pages\/11889"}],"collection":[{"href":"https:\/\/coderdojo-annecy.com\/index.php\/wp-json\/wp\/v2\/pages"}],"about":[{"href":"https:\/\/coderdojo-annecy.com\/index.php\/wp-json\/wp\/v2\/types\/page"}],"author":[{"embeddable":true,"href":"https:\/\/coderdojo-annecy.com\/index.php\/wp-json\/wp\/v2\/users\/1"}],"replies":[{"embeddable":true,"href":"https:\/\/coderdojo-annecy.com\/index.php\/wp-json\/wp\/v2\/comments?post=11889"}],"version-history":[{"count":8,"href":"https:\/\/coderdojo-annecy.com\/index.php\/wp-json\/wp\/v2\/pages\/11889\/revisions"}],"predecessor-version":[{"id":11964,"href":"https:\/\/coderdojo-annecy.com\/index.php\/wp-json\/wp\/v2\/pages\/11889\/revisions\/11964"}],"wp:attachment":[{"href":"https:\/\/coderdojo-annecy.com\/index.php\/wp-json\/wp\/v2\/media?parent=11889"}],"curies":[{"name":"wp","href":"https:\/\/api.w.org\/{rel}","templated":true}]}}